?
2, 3, 5639939
What are the prime factors of 94957501?
23, 337, 12251
List the prime factors of 100024688.
2, 6251543
List the prime factors of 77076561.
3, 3407, 7541
List the prime factors of 402988944.
2, 3, 17, 493859
What are the prime factors of 899409581?
7, 647, 198589
List the prime factors of 485200435.
5, 19, 5107373
List the prime factors of 450662805.
3, 5, 19, 23, 7639
List the prime factors of 692336987.
692336987
What are the prime factors of 27323167?
1637, 16691
What are the prime factors of 725033835?
3, 5, 1217, 1471
List the prime factors of 249758455.
5, 347, 143953
What are the prime factors of 64533632?
2, 17, 47, 631
List the prime factors of 696424997.
101, 6895297
What are the prime factors of 6414570579?
3, 23, 92964791
What are the prime factors of 14260935?
3, 5, 13, 73133
What are the prime factors of 5155600984?
2, 739, 872057
List the prime factors of 3396372523.
17, 73, 571, 4793
List the prime factors of 1584003778.
2, 7, 2029, 55763
List the prime factors of 48759906.
2, 3, 13, 41, 79, 193
What are the prime factors of 741994902?
2, 3, 11, 103, 36383
What are the prime factors of 84271211?
84271211
What are the prime factors of 103396596?
2, 3, 43, 200381
What are the prime factors of 682374614?
2, 341187307
List the prime factors of 183224162.
2, 11, 41, 71, 2861
What are the prime factors of 474951733?
474951733
List the prime factors of 5690204135.
5, 7, 11, 61, 34613
List the prime factors of 3085571385.
3, 5, 13, 47, 112223
List the prime factors of 625291959.
3, 71, 211, 13913
What are the prime factors of 1531746547?
1531746547
List the prime factors of 398120280.
2, 3, 5, 17, 195157
List the prime factors of 139160715.
3, 5, 9277381
What are the prime factors of 67503053?
67503053
What are the prime factors of 152279607?
3, 61, 832129
List the prime factors of 289811276.
2, 72452819
List the prime factors of 14366308.
2, 11, 79, 4133
What are the prime factors of 17275317?
3, 5758439
What are the prime factors of 136082234?
2, 68041117
List the prime factors of 278730967.
278730967
What are the prime factors of 45777226?
2, 11, 17, 122399
What are the prime factors of 52345151?
41, 1276711
List the prime factors of 91289421.
3, 10143269
What are the prime factors of 103280448?
2, 3, 537919
What are the prime factors of 1431090820?
2, 5, 23, 31, 100357
List the prime factors of 1231980314.
2, 615990157
What are the prime factors of 340457312?
2, 13, 631, 1297
What are the prime factors of 21641371?
101, 353, 607
What are the prime factors of 736533677?
11, 29, 2308883
What are the prime factors of 1064648542?
2, 13967, 38113
List the prime factors of 81516430.
2, 5, 443, 18401
What are the prime factors of 1802428682?
2, 2477, 363833
What are the prime factors of 1286686316?
2, 5693, 56503
List the prime factors of 109665655.
5, 11, 1993921
What are the prime factors of 122125862?
2, 61062931
List the prime factors of 220059489.
3, 13, 239, 23609
What are the prime factors of 2257235540?
2, 5, 7, 577, 27943
List the prime factors of 836558741.
379, 2207279
What are the prime factors of 70041447?
3, 7, 179, 6211
List the prime factors of 217135059.
3, 19, 3809387
What are the prime factors of 218353444?
2, 23, 2373407
What are the prime factors of 57612219?
3, 7, 37, 53, 1399
List the prime factors of 14916164.
2, 3729041
List the prime factors of 219547865.
5, 73, 83, 7247
What are the prime factors of 159408286?
2, 17, 521, 8999
List the prime factors of 16278742.
2, 37, 219983
What are the prime factors of 1169874760?
2, 5, 23, 1271603
What are the prime factors of 4619745752?
2, 577468219
List the prime factors of 65346048.
2, 3, 29, 163
What are the prime factors of 18813428?
2, 257, 18301
List the prime factors of 2129650734.
2, 3, 347, 443, 2309
What are the prime factors of 55015912?
2, 7, 71, 101, 137
List the prime factors of 810713883.
3, 7, 1987, 19429
What are the prime factors of 1061210439?
3, 19, 317, 19577
What are the prime factors of 2143715069?
23, 31, 269, 11177
List the prime factors of 337206466.
2, 12101, 13933
List the prime factors of 38138413.
38138413
What are the prime factors of 381850092?
2, 3, 13, 20921
List the prime factors of 29517040.
2, 5, 7, 52709
List the prime factors of 4561646709.
3, 32569, 46687
List the prime factors of 243338452.
2, 7, 8690659
List the prime factors of 1006728778.
2, 11, 151, 303049
List the prime factors of 35403346.
2, 11, 19, 84697
What are the prime factors of 27044930?
2, 5, 11, 245863
What are the prime factors of 109698665?
5, 21939733
What are the prime factors of 5127388743?
3, 1709129581
What are the prime factors of 5874798351?
3, 2693, 727169
List the prime factors of 3107075180.
2, 5, 11, 53, 439, 607
What are the prime factors of 1290460223?
13, 99266171
What are the prime factors of 2170839471?
3, 19, 73, 157, 3323
List the prime factors of 109387166.
2, 7, 7813369
What are the prime factors of 586714569?
3, 7, 27938789
List the prime factors of 54831457.
54831457
What are the prime factors of 70926373?
7, 19, 29, 37, 71
List the prime factors of 345647748.
2, 3, 28803979
List the prime factors of 2322680666.
2, 14771, 78623
What are the prime factors of 551363779?
1297, 425107
List the prime factors of 19226368.
2, 7, 10729
What are the prime factors of 2505595661?
617, 4060933
What are the prime factors of 116256955?
5, 23251391
What are the prime factors of 125686331?
1231, 102101
List the prime factors of 1132371688.
2, 7, 20220923
What are the prime factors of 822209321?
43, 19121147
What are the prime factors of 467226755?
5, 61, 167, 9173
What are the prime factors of 1477614248?
2, 11, 67, 22783
What are the prime factors of 121456222?
2, 97, 626063
List the prime factors of 30357034.
2, 59, 257263
What are the prime factors of 78602219?
59, 89, 14969
List the prime factors of 57401851.
13, 4415527
List the prime factors of 66206513.
41, 1614793
List the prime factors of 349299331.
349299331
What are the prime factors of 625249146?
2, 3, 61, 71, 24061
List the prime factors of 148495828.
2, 13, 31, 92119
What are the prime factors of 164124013?
31, 5294323
List the prime factors of 301875648.
2, 3, 19, 83, 997
What are the prime factors of 39212884?
2, 19, 23, 22433
What are the prime factors of 875147867?
11, 7232627
List the prime factors of 18166058.
2, 9083029
What are the prime factors of 499607688?
2, 3, 71, 449, 653
List the prime factors of 18745125.
3, 5, 7, 37, 193
List the prime factors of 1047599477.
1047599477
What are the prime factors of 1339234896?
2, 3, 2153, 12959
What are the prime factors of 131313862?
2, 467, 140593
List the prime factors of 4629560835.
3, 5, 308637389
List the prime factors of 3215264.
2, 13, 59, 131
List the prime factors of 1496132304.
2, 3, 31169423
What are the prime factors of 495153256?
2, 13, 43, 263, 421
List the prime factors of 1172254466.
2, 586127233
What are the prime factors of 54058697?
7, 11, 29, 43, 563
What are the prime factors of 39500317?
53, 787, 947
List the prime factors of 168550285.
5, 33710057
What are the prime factors of 677021818?
2, 11, 30773719
What are the prime factors of 92604179?
83, 1115713
What are the prime factors of 174539760?
2, 3, 5, 727249
List the prime factors of 548286607.
11, 49844237
What are the prime factors of 6148636252?
2, 11, 139741733
What are the prime factors of 30061535?
5, 7, 127, 6763
What are the prime factors of 2117043305?
5, 13, 409, 79633
What are the prime factors of 132896091?
3, 79, 683, 821
What are the prime factors of 825695825?
5, 19, 1738307
List the prime factors of 3435891242.
2, 7, 109, 863, 2609
List the prime factors of 190621006.
2, 1471, 64793
What are the prime factors of 221092776?
2, 3, 127, 24179
What are the prime factors of 952208575?
5, 491, 77573
What are the prime factors of 27381825?
3, 5, 121697
What are the prime factors of 22925286?
2, 3, 19, 67033
List the prime factors of 108145860.
2, 3, 5, 43, 167, 251
What are the prime factors of 257092493?
7, 1129, 32531
List the prime factors of 4642751465.
5, 11, 84413663
List the prime factors of 2228463.
3, 247607
List the prime factors of 801412886.
2, 47, 8525669
List the prime factors of 680327697.
3, 7, 79, 127, 3229
List the prime fa